 the remainder when 4/10 + 368/5 is divided by u(q).
14
Suppose -3*u + 2*u + 563 = 2*q, 5*q - 1400 = 5*u. Calculate the remainder when q is divided by (51/(-102))/(2/(-188)).
46
Suppose -3*n - 17 = 5*p, 2*n + 6 - 3 = 5*p. Let i = 19 - -2. Calculate the remainder when (0 - 0 - p) + -1 - -41 is divided by i.
20
Let h(j) = -j**2 - 52*j - 283. Calculate the remainder when 404 is divided by h(-42).
130
Let u = -2522 - -2561. Suppose 0 = -p + 5*p - 8. Calculate the remainder when (8 - 6) + p*36 is divided by u.
35
Calculate the remainder when (-5)/(-2)*(-54)/135*-1177 is divided by 388.
13
Suppose -137*i + 128 - 33 = -42*i. What is the remainder when 1976 is divided by i?
0
Suppose 75 = 5*r - 0*r. Calculate the remainder when (105/6)/((-130)/(-1248)*2) is divided by r.
9
Suppose 0 = 2*n - w - 9, 8 = 5*w + 33. Suppose n*l + 4*l = -30. What is the remainder when 75 is divided by (-1)/((-15)/6) - 128/l?
23
Let y(m) = 11*m**2 + 15*m + 21. Let w = 203 - 207. Calculate the remainder when y(w) is divided by 28.
25
Let w = 6661 + -6657. Let z(j) = -2 + 4*j**2 - 3*j**2 - 1. Calculate the remainder when z(3) is divided by w.
2
Suppose -52*c + 51*c + 41 = 0. Suppose -c = -3*l - 23. Suppose 3297*h - 520 = 3284*h. What is the remainder when h is divided by l?
4
Let m(j) = 4 + 349*j - 370*j + 1 - 1. Calculate the remainder when m(-7) is divided by 2/(-9) + (-1720)/(-45).
37
Let i = 10054 + -9754. Suppose -5*f - 2*h = -223, 3*h - 63 = -f - 2*h. What is the remainder when i is divided by f?
42
Suppose -116*r - 3*d = -112*r - 401, 302 = 3*r + 2*d. Calculate the remainder when r is divided by 53.
51
Calculate the remainder when (73/4)/(((-87)/5800)/(-3)) is divided by 44.
42
Let c(j) = j**2 + 2*j - 52. Let y be c(-10). Suppose -26*r - y = -30*r. Calculate the remainder when 146 is divided by r.
6
What is the remainder when 9016 is divided by ((-76)/(-10))/(3552/(-120) + 30)?
10
Suppose -2*f + 224 = 5*d, 70 - 38 = -4*f. What is the remainder when 551 is divided by d?
23
Let b be (2*(-6)/15)/(2/(-5)). Suppose 0 = b*v - 32 - 32. Let j = 100 - v. Calculate the remainder when j is divided by 23.
22
Suppose 5006 = 383*a - 6101. Calculate the remainder when 199 is divided by a.
25
Let w be (-121 - -1)/5*4/(-12). Calculate the remainder when ((-40)/15)/(w/(-1212)) is divided by 14.
12
Suppose -2*s - s = -5*k - 8, -12 = 3*k. What is the remainder when 627 is divided by (9 + 2 + s)*2?
11
Suppose 28*j - 12274 = -4*k + 26*j, 15360 = 5*k + 5*j. Calculate the remainder when k is divided by 9.
5
Suppose 72 + 13 = 17*i. Suppose i*m - 40 = -17*r + 15*r, 5*r + 45 = 2*m. Suppose -66 = -2*w - 10. Calculate the remainder when w is divided by m.
8
Let f be 400 - 4/(-2*3/6). Let k = f - 254. What is the remainder when k is divided by 51?
48
Suppose -5*f + 455 = -5*p, 4*p = f + 45 - 130. Let q = -30 - -59. Let o = 53 - q. Calculate the remainder when f is divided by o.
21
Calculate the remainder when (-4)/(-14) + 174744/504 is divided by 115.
2
Let j(i) = -2*i**2 - 35*i - 107. What is the remainder when 645 is divided by j(-12)?
20
Let l(y) = 2*y**3 + 2*y**2 - 4*y + 4. Let z(k) = 3*k**3 + 29*k**2 - 87*k + 5. What is the remainder when l(5) is divided by z(-12)?
38
Suppose v - 404 = 5*c, -3*v + 5*c + 1192 = 10*c. Calculate the remainder when v is divided by 50.
49
Suppose -5*y - 10 = 15. Let v(i) = -i**3 - 4*i**2 + 5*i + 15. Calculate the remainder when 192 is divided by v(y).
12
Suppose 0 = 287*y - 279*y - 41272. What is the remainder when y is divided by 15?
14
Suppose -3*y = -4*t + 187, -205 = -3*t - t - 3*y. Suppose -k + 2 = 34. Let q = k + 37. What is the remainder when t is divided by q?
4
Let j(x) = -12*x + 121. Let s be ((-3)/(-9))/(((-5)/(-27))/5). Let c = -11 - -18. Calculate the remainder when j(s) is divided by c.
6
Suppose 3*d - 10 = d + 3*l, 3*l = 0. Let c be (-1146)/(-12) + (-4)/(-8). Let h = c - 87. What is the remainder when h is divided by d?
4
Let z = 5991 + -5917. Calculate the remainder when 21013 is divided by z.
71
Let c be 2/17 - (-16)/(4624/1411). Suppose 58*a = -2*t + 61*a + 495, c*a = 5. What is the remainder when t is divided by 50?
49
Suppose 25*d = 26*d + 4*c - 10, 3*c = 3. Suppose -3*s + 12 = 0, -3*w + d*w + 3*s = 90. What is the remainder when 61 is divided by w?
9
Let o(p) = -26*p + 10. Let g be o(3). Let j = g - -98. Suppose 0 = -n - 24 + j. Calculate the remainder when 11 is divided by n.
5
Let a = 58 - 55. Suppose a*w - 1058 = -176. Suppose -b + 5*u + w = 3*b, -u = 5*b - 382. Calculate the remainder when b is divided by 26.
24
Let p(r) = r**3 - 25*r**2 + 2*r - 40. Suppose 50 = 253*y - 251*y. Calculate the remainder when p(y) is divided by 6.
4
Suppose 855 = -32*k + 47*k. Let q(b) = 4*b - 19. What is the remainder when k is divided by q(10)?
15
Suppose 26*a - 284 - 106 = 0. What is the remainder when 144 is divided by 1/3*(33750/10)/a?
69
Let v(y) = y**3 + 86*y**2 + 1815*y + 45. What is the remainder when v(-40) is divided by 104?
5
Suppose w + 107 = 2*w. Let s be -4*(13 - 6 - 5). Let i(a) = -25*a - 178. What is the remainder when w is divided by i(s)?
19
Suppose i - 6 = 0, -4*f - 3*i = -2057 - 129. What is the remainder when f is divided by 182?
178
Let p(m) = -2*m**2 + 51*m + 67. Suppose t - 3 = -2*t. Suppose -g + t = -15. Calculate the remainder when p(26) is divided by g.
9
Let t be 69/4 + -5*3/60. Suppose 9*m = t*m - 432. What is the remainder when m is divided by 23?
8
Let k be ((-18)/21)/(1/14). Calculate the remainder when 125 is divided by ((-6)/4)/(-1)*(-280)/k.
20
Let a be -214*(-1)/(-2)*-1. Suppose 0 = 19*m - 468 + a. Calculate the remainder when 168 is divided by m.
16
Let k(x) = -10*x - 937. What is the remainder when k(-112) is divided by 16?
7
What is the remainder when 2*((-4)/(-8) + 0)*53 is divided by 6*65/(-30)*-1?
1
Let d(r) = -r**3 + 14*r**2 - 31*r - 5. Let z be d(13). Let a = z - -256. Calculate the remainder when 48 is divided by a.
14
Suppose 0 = 4*z + 2*o - 156, -5*z + 10*z - 5*o - 210 = 0. Let y = -476896 - -477046. What is the remainder when y is divided by z?
30
Let n = 5 + 16. Suppose n*b + 228 = 690. Calculate the remainder when 131 is divided by b.
21
Let p(v) = -7*v**3 + 4*v**2 + 3*v + 8. Let u be p(-4). Suppose u = 15*g + 88. What is the remainder when g is divided by 25?
3
Let x(a) = -1251*a - 4868. What is the remainder when x(-5) is divided by 29?
24
Suppose 236 - 150 = 2*j. What is the remainder when 1653 is divided by j?
19
Suppose l - 1224 = i, -l - 8*i + 1228 = -11*i. What is the remainder when 2448 is divided by l?
4
Suppose 5*b - 1073 = -o, -24*b - 3*o + 223 = -23*b. What is the remainder when 434 is divided by b?
6
Suppose -4*z + 4*t - 93 = -7*z, -4*t - 42 = -2*z. Let s be 3/(z/2) - (-1376)/288. What is the remainder when 20 is divided by 1*(-1)/2*(s - 19)?
6
Let i(u) = u**3 - u**2 - u + 39. Let v be i(0). Let d = -14 + v. What is the remainder when 299 is divided by d?
24
Suppose 0 = -2*n - 103*z + 100*z + 477, 3*n + 3*z = 714. Calculate the remainder when n is divided by 107.
23
Suppose 1847*a - 1849*a = -4*z + 194, -3*z - a + 158 = 0. What is the remainder when 149 is divided by z?
47
Suppose -2*l = 2*l - 264. Let a be (-77 - -70)/(0 + -1 + 0). What is the remainder when l is divided by 28 - (-16)/(-4) - a?
15
Suppose 8*f = 5*f - 6. Let g(h) = -4*h**2 + 3*h - 8. Let l(x) = x**2 + 1. Let n(k) = f*l(k) - g(k). Calculate the remainder when 127 is divided by n(4).
23
Suppose 0 = 2*a - u, 0*a + 4*u - 10 = 3*a. Suppose 0*p = a*p. Suppose -6*n - 5*d = -5*n, 2*n - 5*d - 45 = p. Calculate the remainder when 59 is divided by n.
14
Suppose 4*k = -2*h + 1104, -2*h + k = -1097 - 2. Calculate the remainder when h is divided by 121.
66
Let u = 1237 - 1101. Suppose 128 = 4*j - 4*w, 0*j + 5*j - w = 144. Calculate the remainder when u is divided by j.
24
Let r = 465 + -336. Let w = 165 - r. Calculate the remainder when 149 is divided by w.
5
Let m be ((-24)/(-6) + -5)*55/(-5). Suppose -39 = -s - 3*a, -m*s + 3*a = -9*s - 33. Calculate the remainder when 34 is divided by s.
10
Let p be (-3 + 0)/(-15) + (-484)/(-55). Suppose -h = -5, -4*s - 11*h + 182 = -p*h. Calculate the remainder when s is divided by 22.
21
Let p = 24 + -22. Let y(r) = r**3 - 2*r**2 + 4*r - 4. Let b be y(p). Calculate the remainder when 2/b*-61*-2 is divide